{"id":24450,"date":"2025-06-22T21:54:49","date_gmt":"2025-06-22T21:54:49","guid":{"rendered":"http:\/\/staging.ibermusicas.org\/?page_id=24450"},"modified":"2025-06-23T13:22:08","modified_gmt":"2025-06-23T13:22:08","slug":"formulario-de-entrega-de-projetos","status":"publish","type":"page","link":"http:\/\/staging.ibermusicas.org\/index.php\/formulario-de-entrega-de-projetos\/","title":{"rendered":"Formul\u00e1rio de entrega de projetos"},"content":{"rendered":"\n<div class=\"wp-block-group has-global-padding is-layout-constrained wp-block-group-is-layout-constrained\">\n<div class=\"wp-block-columns alignwide is-layout-flex wp-container-core-columns-is-layout-66fad18a wp-block-columns-is-layout-flex\">\n<div class=\"wp-block-column is-vertically-aligned-top is-layout-flow wp-block-column-is-layout-flow\" style=\"padding-right:var(--wp--preset--spacing--50);flex-basis:40%\">\n<figure class=\"wp-block-image size-full has-custom-border\"><img loading=\"lazy\" decoding=\"async\" width=\"559\" height=\"699\" src=\"http:\/\/staging.ibermusicas.org\/wp-content\/uploads\/2025\/06\/groovelist-login.jpg\" alt=\"\" class=\"wp-image-24451\" style=\"border-style:none;border-width:0px;border-radius:0px\" srcset=\"http:\/\/staging.ibermusicas.org\/wp-content\/uploads\/2025\/06\/groovelist-login.jpg 559w, http:\/\/staging.ibermusicas.org\/wp-content\/uploads\/2025\/06\/groovelist-login-240x300.jpg 240w\" sizes=\"auto, (max-width: 559px) 100vw, 559px\" \/><\/figure>\n\n\n\n<div class=\"wp-block-group is-style-default has-global-padding is-layout-constrained wp-block-group-is-layout-constrained\" style=\"margin-top:-12vw\">\n<figure class=\"wp-block-image alignright size-full is-resized has-custom-border wp-duotone-unset-1\" style=\"margin-right:-5vw;margin-left:-5vw\"><img loading=\"lazy\" decoding=\"async\" width=\"224\" height=\"221\" src=\"http:\/\/staging.ibermusicas.org\/wp-content\/uploads\/2025\/06\/LOGO-SIN-LETRAS-BG_W.jpg\" alt=\"\" class=\"has-border-color wp-image-24452\" style=\"border-color:color-mix(in srgb, currentColor 20%, transparent);border-width:1px;border-radius:0px;width:150px\"\/><\/figure>\n<\/div>\n<\/div>\n\n\n\n<div class=\"wp-block-column is-vertically-aligned-top is-layout-flow wp-block-column-is-layout-flow\" style=\"padding-right:0;padding-left:0;flex-basis:60%\">\n<p class=\"has-medium-font-size\">Devido \u00e0 otimiza\u00e7\u00e3o da web da Iberm\u00fasicas, realizamos o processamento de dados de nossas convocat\u00f3rias em uma plataforma chamada GrooveList. \u00c9 por isso que voc\u00ea ser\u00e1 redirecionada\/ou para GrooveList para fazer login. Ent\u00e3o voc\u00ea visualizar\u00e1 na se\u00e7\u00e3o de \u00abMinhas Postula\u00e7\u00f5es\u00bb um formul\u00e1rio novo: \u00abRelat\u00f3rio de Projeto\u00bb. Ali dever\u00e1 ingressar para completar a rendi\u00e7\u00e3o.<\/p>\n\n\n\n<div class=\"wp-block-buttons is-content-justification-center is-layout-flex wp-container-core-buttons-is-layout-a89b3969 wp-block-buttons-is-layout-flex\">\n<div class=\"wp-block-button has-custom-width wp-block-button__width-50\"><a class=\"wp-block-button__link wp-element-button\" href=\"https:\/\/groovelist.co\/login\/443\/draft\">Fazer relat\u00f3rio<\/a><\/div>\n\n\n\n<div class=\"wp-block-button has-custom-width wp-block-button__width-50\"><a class=\"wp-block-button__link wp-element-button\" href=\"https:\/\/groovelistapplication2.s3.amazonaws.com\/Iberm%C3%BAsicas\/2024\/GrooveList+-+Rendicio%CC%81n+de+informe+de+proyecto+-+PT.pdf\">Baixar instrutivo<\/a><\/div>\n<\/div>\n<\/div>\n<\/div>\n<\/div>\n","protected":false},"excerpt":{"rendered":"<p>Devido \u00e0 otimiza\u00e7\u00e3o da web da Iberm\u00fasicas, realizamos o processamento de dados de nossas convocat\u00f3rias em uma plataforma chamada GrooveList. \u00c9 por isso que voc\u00ea ser\u00e1 redirecionada\/ou para GrooveList para fazer login. Ent\u00e3o voc\u00ea visualizar\u00e1 na se\u00e7\u00e3o de \u00abMinhas Postula\u00e7\u00f5es\u00bb um formul\u00e1rio novo: \u00abRelat\u00f3rio de Projeto\u00bb. Ali dever\u00e1 ingressar para completar a rendi\u00e7\u00e3o.<\/p>\n","protected":false},"author":12,"featured_media":0,"parent":0,"menu_order":0,"comment_status":"closed","ping_status":"closed","template":"","meta":{"footnotes":""},"class_list":["post-24450","page","type-page","status-publish","hentry"],"lang":"pt","translations":{"pt":24450,"es":24435},"pll_sync_post":[],"post_mailing_queue_ids":[],"_links":{"self":[{"href":"http:\/\/staging.ibermusicas.org\/index.php\/wp-json\/wp\/v2\/pages\/24450","targetHints":{"allow":["GET"]}}],"collection":[{"href":"http:\/\/staging.ibermusicas.org\/index.php\/wp-json\/wp\/v2\/pages"}],"about":[{"href":"http:\/\/staging.ibermusicas.org\/index.php\/wp-json\/wp\/v2\/types\/page"}],"author":[{"embeddable":true,"href":"http:\/\/staging.ibermusicas.org\/index.php\/wp-json\/wp\/v2\/users\/12"}],"replies":[{"embeddable":true,"href":"http:\/\/staging.ibermusicas.org\/index.php\/wp-json\/wp\/v2\/comments?post=24450"}],"version-history":[{"count":2,"href":"http:\/\/staging.ibermusicas.org\/index.php\/wp-json\/wp\/v2\/pages\/24450\/revisions"}],"predecessor-version":[{"id":24537,"href":"http:\/\/staging.ibermusicas.org\/index.php\/wp-json\/wp\/v2\/pages\/24450\/revisions\/24537"}],"wp:attachment":[{"href":"http:\/\/staging.ibermusicas.org\/index.php\/wp-json\/wp\/v2\/media?parent=24450"}],"curies":[{"name":"wp","href":"https:\/\/api.w.org\/{rel}","templated":true}]}}